{"id":16,"date":"2020-02-13T10:08:29","date_gmt":"2020-02-13T09:08:29","guid":{"rendered":"http:\/\/aboutme.gilberte.eu\/?page_id=16"},"modified":"2022-01-11T13:14:48","modified_gmt":"2022-01-11T12:14:48","slug":"accueil","status":"publish","type":"page","link":"https:\/\/aboutme.gilberte.eu\/","title":{"rendered":"Natha\u00eblle Renaud"},"content":{"rendered":"\n<hr class=\"wp-block-separator\"\/>\n\n\n\n<p>Bonjour et bienvenue,<\/p>\n\n\n\n<p>Apr\u00e8s une formation de base en biologie et un master en ergonomie, j&rsquo;ai compl\u00e9t\u00e9 mes connaissances avec la gestion de projet informatique pour embrasser un parcours professionnel dans le num\u00e9rique de la sant\u00e9.<\/p>\n\n\n\n<p>J&rsquo;ai eu la chance de travailler sur des projets d&rsquo;envergure tels que Pro Sant\u00e9 Connect &#8211; le fournisseur d&rsquo;identit\u00e9 de la sant\u00e9, et la e-CPS &#8211; l&rsquo;appli mobile qui lui est associ\u00e9e. Ces deux services g\u00e8rent aujourd&rsquo;hui l&rsquo;identit\u00e9 num\u00e9rique des professionnels de sant\u00e9 pour la gestion de la crise Covid, d\u00e9pistage et vaccination en t\u00eate.<\/p>\n\n\n\n<p>Aujourd&rsquo;hui responsable de l&rsquo;Accompagnement industriel pour l&rsquo;Agence du Num\u00e9rique en Sant\u00e9 je mets \u00e0 profit mes comp\u00e9tences et exp\u00e9riences pour cr\u00e9er un syst\u00e8me au service des concepteurs de solutions num\u00e9riques. L&rsquo;objectif est double : acc\u00e9l\u00e9rer leur mise en conformit\u00e9 \u00e0 la feuille de route du num\u00e9rique en sant\u00e9 et acc\u00e9l\u00e9rer leur mise sur le march\u00e9.<\/p>\n\n\n\n<p>J&rsquo;ai \u00e0 c\u0153ur de maintenir mes connaissances th\u00e9oriques \u00e0 jour, je me forme r\u00e9guli\u00e8rement : que ce soit aux derni\u00e8res techniques d&rsquo;UX Design, au marketing ou \u00e0 la relation client.<\/p>\n\n\n\n<div style=\"height:30px\" aria-hidden=\"true\" class=\"wp-block-spacer\"><\/div>\n\n\n\n<div class=\"wp-block-image\"><figure class=\"aligncenter size-large\"><img loading=\"lazy\" decoding=\"async\" width=\"1024\" height=\"640\" src=\"https:\/\/aboutme.gilberte.eu\/wp-content\/uploads\/2022\/01\/Image8-1024x640.png\" alt=\"\" class=\"wp-image-404\" srcset=\"https:\/\/aboutme.gilberte.eu\/wp-content\/uploads\/2022\/01\/Image8-1024x640.png 1024w, https:\/\/aboutme.gilberte.eu\/wp-content\/uploads\/2022\/01\/Image8-300x187.png 300w, https:\/\/aboutme.gilberte.eu\/wp-content\/uploads\/2022\/01\/Image8-768x480.png 768w, https:\/\/aboutme.gilberte.eu\/wp-content\/uploads\/2022\/01\/Image8-1536x960.png 1536w, https:\/\/aboutme.gilberte.eu\/wp-content\/uploads\/2022\/01\/Image8.png 1996w\" sizes=\"auto, (max-width: 1024px) 100vw, 1024px\" \/><\/figure><\/div>\n\n\n\n<p class=\"has-text-align-center\"> <strong><a class=\"maxbutton-1 maxbutton maxbutton-en-savoir-plus\" href=\"\/?page_id=18\"><span class='mb-text'>En savoir plus<\/span><\/a><\/strong> <\/p>\n","protected":false},"excerpt":{"rendered":"<p>Bonjour et bienvenue, Apr\u00e8s une formation de base en biologie et un master en ergonomie, j&rsquo;ai compl\u00e9t\u00e9 mes connaissances avec la gestion de projet informatique pour embrasser un parcours professionnel dans le num\u00e9rique de la sant\u00e9. J&rsquo;ai eu la chance de travailler sur des projets&nbsp;<a class=\"read-more\" href=\"https:\/\/aboutme.gilberte.eu\/\">&hellip;<\/a><\/p>\n","protected":false},"author":1,"featured_media":0,"parent":0,"menu_order":0,"comment_status":"closed","ping_status":"closed","template":"","meta":{"footnotes":""},"class_list":["post-16","page","type-page","status-publish","hentry"],"_links":{"self":[{"href":"https:\/\/aboutme.gilberte.eu\/index.php?rest_route=\/wp\/v2\/pages\/16","targetHints":{"allow":["GET"]}}],"collection":[{"href":"https:\/\/aboutme.gilberte.eu\/index.php?rest_route=\/wp\/v2\/pages"}],"about":[{"href":"https:\/\/aboutme.gilberte.eu\/index.php?rest_route=\/wp\/v2\/types\/page"}],"author":[{"embeddable":true,"href":"https:\/\/aboutme.gilberte.eu\/index.php?rest_route=\/wp\/v2\/users\/1"}],"replies":[{"embeddable":true,"href":"https:\/\/aboutme.gilberte.eu\/index.php?rest_route=%2Fwp%2Fv2%2Fcomments&post=16"}],"version-history":[{"count":21,"href":"https:\/\/aboutme.gilberte.eu\/index.php?rest_route=\/wp\/v2\/pages\/16\/revisions"}],"predecessor-version":[{"id":412,"href":"https:\/\/aboutme.gilberte.eu\/index.php?rest_route=\/wp\/v2\/pages\/16\/revisions\/412"}],"wp:attachment":[{"href":"https:\/\/aboutme.gilberte.eu\/index.php?rest_route=%2Fwp%2Fv2%2Fmedia&parent=16"}],"curies":[{"name":"wp","href":"https:\/\/api.w.org\/{rel}","templated":true}]}}